b(y) = y**2 + 4*y + 5. Calculate b(i).
10
Let z(g) be the second derivative of 1/12*g**4 + 23*g - 1/4*g**5 - 1/6*g**3 + 0 + 1/2*g**2. What is z(1)?
-4
Suppose 2*d - 7*d = 3*d. Let z(u) = 1. Let k(h) = h - 9. Let t(f) = -k(f) - 2*z(f). What is t(d)?
7
Let a(z) = 5*z**2 - 7*z**2 + 298 - 295. Determine a(-3).
-15
Let b be (1*(-1)/2)/(5/10). Let n be (-31 - -32) + 4 + b. Let l(h) = h**2 - 5*h + 3. What is l(n)?
-1
Let u = -39 - -39. Suppose -v = -u + 1. Let a(j) = 6*j. Calculate a(v).
-6
Suppose 0*l - 2*l = -2*n + 8, 5*n = -l + 26. Let u(p) = -p**3 + 4*p**2 + 5*p + 3. Let a be u(n). Let y(z) = 0*z - 2*z**2 + 2*z - z - 2 + a. What is y(-1)?
-2
Let a(k) = -k**3 + 5*k**2 + 5*k. Let d = -21 + 15. Let g be -5*4/(-150) + (-546)/45. Let v = d - g. Calculate a(v).
-6
Let w(g) = g**2 + 4*g - 1. Let k = -7 + 9. Suppose 0 = 5*t - 4*i + 25 - 1, t + 2 = -k*i. Let m be w(t). Let q(y) = 4*y**3 - 1. Give q(m).
-5
Suppose 3*b - 4*i - 53 = 0, -3*b = -5*b + 3*i + 37. Let p(g) be the first derivative of 5 + b*g - 1/2*g**2. Give p(6).
5
Let w(g) be the second derivative of -g**4/12 - 2*g**3/3 + 5*g**2/2 - 20*g + 6. Calculate w(-5).
0
Let n(o) be the third derivative of o**4/24 - 2*o**3/3 + o**2. Suppose -3*k = -4*i + 43, -18*k - 31 = -3*i - 16*k. Determine n(i).
3
Suppose -20*j + 8*j - 313 = -241. Let m(y) = y + 3 + y + 1. Calculate m(j).
-8
Let k(n) = 7*n. Let u(b) = -8*b. Let i(c) = 7*k(c) + 6*u(c). Let q be 0 - (-3)/1 - 10. Let s(w) = 4*w + 1. Let a(d) = q*i(d) + 2*s(d). Give a(3).
5
Let x(g) = 6*g + g + g**3 + 1 + 9*g**2 - g**2. Suppose d + 640 = 17*d. Let a = d - 47. Calculate x(a).
1
Let x(d) = 5*d**2 + 2*d - 1 + 0 + 2*d + 6 + d**3. Let w = 120 + -124. Determine x(w).
5
Let p(c) = -c**3 + 16*c**2 - 15*c - 3. Suppose -10*q - 105 = -17*q. Give p(q).
-3
Suppose v - 3*s - 12 = 2*s, v = -5*s - 8. Suppose 1 = -x, -2*x = 5*p - 4*p - 5. Let q(w) = -p + 6 - w + 3*w + w**2 - 4*w. Calculate q(v).
-1
Let z(o) = 3*o - 1. Let n(v) = 1 + 3 - 3. Let m(b) = -2*n(b) - z(b). Suppose 3*k + 2*i = 3 - 22, -8 = k + i. Give m(k).
8
Let w(m) be the third derivative of m**4/12 - 5*m**3/2 + 534*m**2. Give w(6).
-3
Let b(o) = -o + 6. Suppose 0 = 2*a + 4*w - 32, 7*a - 2*a + 5*w = 60. Let z(c) = 2*c - 8. Let h be z(a). Determine b(h).
-2
Let a(c) be the third derivative of -c**4/6 + 2*c**3/3 - 45*c**2 - 3. Suppose -4*s - 24 = -4*m, 0 = -4*m - 0*m + 4. Calculate a(s).
24
Let j(t) be the third derivative of t**6/120 - 7*t**5/60 + t**4/6 + t**3 + t**2. Suppose 38*g + 113 - 341 = 0. What is j(g)?
-6
Let b(y) = -y**3 - 2*y**2 + 2. Suppose l + 2*l - 72 = 0. Let z be l/(-40) + 63/5. Suppose c + 3*c = -z. Calculate b(c).
11
Let u(m) = 3*m**2 - m - 4. Let l be u(2). Let z be (l/10)/(7/(-35)). Let g(v) = v**3 + 3*v**2 + v. Give g(z).
-3
Let o(b) be the third derivative of -7/60*b**5 + 0*b + 0 - 1/24*b**4 + 1/120*b**6 + 2/3*b**3 + 13*b**2. Determine o(7).
-3
Let l(h) = -5*h + 6. Let y(j) = j**3 - 14*j**2 + 50*j - 34. Let o be y(9). What is l(o)?
-49
Let h = 47 - 41. Suppose -h*l = -15 + 57. Let p(z) = 4*z + 8. Give p(l).
-20
Let r(t) = -3*t**3 + 4*t**2 - 2*t. Suppose -46*j + 6 = -43*j. Determine r(j).
-12
Let c(w) = 10*w + 0 + 2*w + 6 - 11*w. Calculate c(-5).
1
Let a be -10*((-6)/(-60)*-18 - -1). Let n(c) = c**3 - 9*c**2 + 9*c - 11. Determine n(a).
-3
Let f(h) = 3*h + 3. Let t(n) = 1. Let i(o) = f(o) - 4*t(o). Give i(3).
8
Let b(i) = i**3 + 10*i**2 - 11*i + 16. Let g be b(-11). Let y(r) = -r + 18. Determine y(g).
2
Let d(v) = -v**2 + 7*v - 1. Let a(r) = -r**2 + 8*r - 1. Let m(w) = 6*a(w) - 7*d(w). Let c(y) = y**2 + y - 18. Let q be c(-5). Determine m(q).
3
Let q(s) = -s**3 + 8*s**2 + 2*s - 12. Suppose w - 5*i = 7, -3*w + i + 84 = -7. Suppose -3*h = 2*k + h - 24, -4*h + w = 3*k. Calculate q(k).
4
Let y(v) = -2*v**2 + 22*v + 32. Let z(d) = -d**2 + 11*d + 16. Let m(h) = -6*y(h) + 11*z(h). What is m(11)?
-16
Let t(l) = l**3 + 9*l**2 + 10*l + 12. Let p = 49 + -26. Let a be p + (9/3 - 0). Let k = -34 + a. Calculate t(k).
-4
Let g(k) = -3*k**3 - k - 1. Let j be 15/9*(-3 - 0). Let n(r) = 3*r + 7. Let u be n(j). Let t = 7 + u. What is g(t)?
3
Let x(z) = -1786*z**2 + z**3 - 1776*z**2 + 3570*z**2 + 6*z - 14. What is x(-7)?
-7
Let u(x) = x. Let i(b) = b**3 + 7*b**2 + 4*b + 5. Let v(z) = -i(z) + 3*u(z). Let n be v(-7). Let w(g) = -g**3 + g + g**n - 4*g**2 + 4*g**2. Give w(-2).
10
Suppose 31 = 5*d - 9. Let u(l) = l**3 - 9541*l + 0*l**3 - 3 - 9*l**2 + 9550*l. Determine u(d).
5
Let m(y) = y**2 + 9*y + 12. Let b = 700 + -707. Calculate m(b).
-2
Let x(k) = -4*k + 158 - 313 + 146. Calculate x(-9).
27
Let h(x) = 44*x + 34*x - 82*x - 4. Let q = -5 + 1. Determine h(q).
12
Let b(m) = -4*m**2 + m - 1. Let j(u) = u**2 - 11*u + 10. Let z be j(12). Let h be (z/4)/((-9)/(-18)). Suppose -9*q = -h*q + 2. Determine b(q).
-4
Let k(t) = t - 3. Let w(p) = -4*p + 6. Let z(v) = k(v) + w(v). What is z(-5)?
18
Let o(h) = -h**2 - 2*h + 1. Suppose 11*m + 8 = 13*m. Suppose -3*f - 10 = -m. Give o(f).
1
Let j(o) = -o**2 - 8*o - 9. Suppose 2*s - 1 = 3. Suppose 4*d - 32 - 100 = 0. Let a be s/(-4) + d/(-6). What is j(a)?
3
Let m be 10 + (1 - 0) + -11. Let z(v) be the second derivative of v**3/6 + 6*v**2 - 2*v. Determine z(m).
12
Let g(m) be the first derivative of m**6/72 + m**5/60 - m**4/24 - 6*m**3 + 9. Let l(z) be the third derivative of g(z). Determine l(1).
6
Let w(l) = -l + 9. Let c be w(7). Let o(r) = 6 - 3 + 2*r + r**3 + 4*r**c - r**2. Suppose 29*q - 363 = 150*q. Give o(q).
-3
Let l(n) = n + 10. Let c be l(0). Suppose -2*j - f = -c, 9 = 3*j - 5*f - 6. Let g(h) = -h**2 + 4*h + 1. Calculate g(j).
-4
Let a = 1631 + -1626. Let o(k) = 2*k. Let n(s) = 4*s + 1. Let z = -28 - -15. Let x(b) = z*o(b) + 6*n(b). Determine x(a).
-4
Let h(f) = 10*f**3 + 9 - 19*f**3 + f + 8*f**3 - 8*f**2. Calculate h(-8).
1
Let m(x) be the third derivative of 1/6*x**3 + 0 + 0*x + 20*x**2 + 0*x**4 + 1/60*x**5. What is m(3)?
10
Let k(r) = -3*r. Suppose 4*j + 3 - 11 = 0. Suppose 4 - 8 = -j*s. What is k(s)?
-6
Let j(a) = a**2 - a - 7. Suppose -h - 20 = 5*s, -15 = -3*h + s + 5. Calculate j(h).
13
Let z be ((-60)/(-90))/(4/30). Suppose 0 = -3*d - 3*f - 30, 3*d + 4*f = z*f - 14. Let w(x) = -x**2 - 5*x + 4. What is w(d)?
-2
Let k(w) = -45*w**3 - 2*w**2 - w. Let p be k(-1). Let h = p + -47. Let i(o) = o**3 + 3*o**2 + 4*o + 1. What is i(h)?
-11
Let u = 36 + -25. Let m(w) = 5*w + 1. Let i(j) = 26*j + 3. Let d(h) = u*m(h) - 2*i(h). Determine d(-4).
-7
Suppose 0 = u + 2*u + 4*b + 18, -2*u + 4*b + 8 = 0. Let m(w) = 10*w**2 + w - 1. Give m(u).
37
Let o be (1 - -5) + 6/(-3). Let l(t) = 5*t + 4*t - o + 5*t**2 - 6*t**2 - 6*t. Give l(3).
-4
Let x(f) be the third derivative of 0*f**3 + 3*f**2 + 1/60*f**5 - 1/24*f**4 + 0*f + 0. Calculate x(1).
0
Let o be 1/(70/25 - 3). Let n(b) = -5*b**3 - 2*b**2 - 11*b - 2. Let z(c) = 11*c**3 + 3*c**2 + 23*c + 3. Let g(r) = -9*n(r) - 4*z(r). What is g(o)?
-4
Suppose -5*p + 88 = 5*y - 8*p, -p = y - 24. Suppose 10 = -5*b - y. Let f(s) = s**2 + 6*s + 9. Calculate f(b).
9
Let j be -6 + -2*2/(-4). Let h(v) be the third derivative of v**6/120 + v**5/15 - v**4/12 + v**3/2 + 4*v**2 - 2. What is h(j)?
-12
Let h(x) = -55 + 24*x + 14 + 41. Calculate h(-1).
-24
Let c(u) = -18*u + 543. Let p be c(30). Let k(i) be the second derivative of 0*i**2 + 12*i + 1/20*i**5 - 5/6*i**p + 0 + 5/12*i**4. What is k(-6)?
-6
Let i(f) = -f**2 - 2*f + 5. Let p(r) = r**2 + 3*r - 6. Let q(b) = 7*i(b) + 6*p(b). Let c = -187 - -193. Determine q(c).
-13
Let h(b) = b**3 - 21*b**2 - 24*b + 47. Let n be h(22). Let m(k) = 19 + k**n - 5*k**2 + 10 - 32. What is m(5)?
-3
Let g(w) be the second derivative of -w**5/20 + 5*w**4/12 + 5*w**3/3 - 9*w**2/2 + 15*w. Give g(6).
15
Let x be 54/(-8) - (-4)/(-16). Let l = x + 1. Let q = l + 4. Let g(c) = -c - 3. Calculate g(q).
-1
Let n(u) = u**2 + 2*u - 1. Let q be n(-3). Let t(l) = 23*l**2 + l**3 + l - 1 - 26*l**q - 4*l. Let m = 59 - 55. What is t(m)?
3
Let n(j) = j**3 + 7*j**2 - 10*j - 3. Let h be n(-8). Let p(l) be the first derivative of l**2 + 5 - 23 + h - l. What is p(3)?
5
Let w(c) = c + 1. Suppose r = -2*r - d - 21, -2*r - 15 = d. Let v(n) = -n - 8. Let s be v(r). Calculate w(s).
-1
Suppose -4 - 6 = -2*z. Let y(u) = -3 - z + 2*u + 2. Let j be (-4)/6*(8 + -14). Calculate y(j).
2
Let h(x) = x**3 + 5*x**2 - 9*x + 10. Suppose 0 = -3*b, -21 = 4*v + 2*b +